nder when -4 + (3 - -3) - (6 + -87) is divided by 65?
18
Let a(s) = -s**2 + 42*s - 42. Calculate the remainder when a(6) is divided by 7.
6
Let c = -38 + 149. Calculate the remainder when c is divided by ((-24)/(-9))/((-52)/(-312)).
15
Suppose -4 = -22*p + 20*p. Calculate the remainder when (17/3 + 1)/(p/15) is divided by 19.
12
Suppose -5*q = -4*t + 974, 344 + 128 = 2*t + 5*q. Calculate the remainder when t is divided by 8.
1
Let n(k) = -31*k**3 - k**2 + 1. Let s be n(-1). Suppose -s = -5*t - 21. What is the remainder when 2 is divided by t?
0
Let o(b) = -b**3 - 29*b**2 - 31*b - 40. What is the remainder when 306 is divided by o(-28)?
42
Suppose 3*h - 1910 = 1735. What is the remainder when h is divided by 64?
63
What is the remainder when 39 is divided by (-4)/(-3)*96/(-5 - -13)?
7
Suppose 5*h + 9 = -2*w, 3*h - 5 = w + 6*h. What is the remainder when 83 is divided by 2/w - (-22)/1?
20
Suppose 30*u = -1150 + 13090. Calculate the remainder when u is divided by 4.
2
Let j = -35 + 39. What is the remainder when 52 + 6/(6 - j) is divided by 29?
26
Let o = 207 + -189. What is the remainder when o is divided by 4?
2
Let x(o) = 2*o**2 + 7*o - 86. Calculate the remainder when 154 is divided by x(6).
14
Suppose -c + 5 = 5*s + 2, -3*s + 1 = c. Let g = -10 + 22. Calculate the remainder when 33/s - (-3 - -2) is divided by g.
10
Suppose -5*p + 39 = 5*d + 4, -5*d + 44 = -4*p. Let k = d + -3. Suppose -k*s + 0*s = -45. Calculate the remainder when 25 is divided by s.
7
Let m = 1 + 20. Let c = -18 + m. Suppose -188 = g - c*g. Calculate the remainder when g is divided by 24.
22
Let t = -810 - -902. Calculate the remainder when 350 is divided by t.
74
Let v = -19 + 36. Let a = 16 - 22. What is the remainder when v is divided by ((-8)/a + (-6)/2)*-3?
2
Let y = -1255 + 1264. Calculate the remainder when ((-3)/6)/((-2)/64) is divided by y.
7
Suppose 2*l = -b + 141 + 144, -2*b - 2*l + 562 = 0. What is the remainder when b is divided by 70?
67
Let u(s) = -s**2 + 8*s + 10. Calculate the remainder when 167 is divided by u(7).
14
Suppose 5*v + 84 = 8*v. What is the remainder when 56 is divided by v?
0
Suppose 96 = -32*q + 44*q. What is the remainder when 1158 is divided by q?
6
Let u(b) = -b + 26. Let s be u(-15). Let l = s + -8. Calculate the remainder when l is divided by 18.
15
Let i(o) = -8*o - 22. Let q be i(-3). Suppose 3*h - 92 = -5*n, -n = -q*h - 4*n + 62. What is the remainder when h is divided by 9?
7
Let o(h) = h + 24. Suppose 0 = -5*b - v - 62, -b + 0*v - v = 14. Calculate the remainder when 34 is divided by o(b).
10
Let l be (-10)/(-3)*(-4 - -1). Let g = 0 + l. Let n = g + 15. What is the remainder when 18 is divided by n?
3
Suppose 2*c - 1921 = 3345. Calculate the remainder when c is divided by 85.
83
Suppose 0*r = -2*u - 3*r + 35, 2*u + 4*r = 34. Let n(t) = 2*t - 7. What is the remainder when 60 is divided by n(u)?
29
Suppose -2*u + 0*u = -h, 5*h + 3*u = 26. Let o(i) = 3*i - 3. What is the remainder when 34 is divided by o(h)?
7
Suppose -160 = 5*r - 580. Let i = r - 54. Calculate the remainder when i is divided by 18.
12
Let u(q) = q**3 + 6*q**2 - 9*q + 6. Calculate the remainder when 526 is divided by u(-5).
70
Let v = -141 + 69. Let p = 2 - v. Calculate the remainder when p is divided by 11.
8
Let b(n) = -3*n**3 + 3*n**2 + 4*n + 2. Suppose -5*y = -5*j + 290, -j + 3*j - 5*y - 113 = 0. Calculate the remainder when j is divided by b(-2).
29
Let w = 9 + -10. Let a(g) = -7*g. Calculate the remainder when 32 is divided by a(w).
4
Suppose -12*n + 7*n - 120 = -5*z, 5*n = -2*z + 13. What is the remainder when 25 is divided by z?
6
Let f be 4 - ((-3)/9)/(3/(-18)). Calculate the remainder when 50 + -22 + f/((-2)/3) is divided by 7.
4
Let w be (8/(-12))/(4/228). Let j be 526/11 - w/209. Suppose 5*n = -3*g + 29 + j, -4*n = 3*g - 64. Calculate the remainder when 25 is divided by n.
12
Let k be 2 + 1*(-3 - -2). Let j(n) = 12*n**3 + n - 1. What is the remainder when 34 is divided by j(k)?
10
Let l(f) = -f**3 - 6*f**2 - 5*f + 5. Let i be 2/(1 + (-84)/76). What is the remainder when l(-6) is divided by ((-24)/14)/(i/133)?
11
What is the remainder when (-3)/(-18) - 6476/(-24) is divided by 91?
88
Suppose 9 = 3*s - 4*t, 2*t = s - 1 - 4. Calculate the remainder when 18 is divided by (-7 - -11)/(s/((-1)/1)).
2
Let v = 5 - 2. Suppose -v + 2 = -o. What is the remainder when 9 is divided by 2 + o*(3 + 0)?
4
Let n be (9 + -2 - 1)/(-2). Calculate the remainder when 45 is divided by (-8)/n*120/20.
13
Let x(q) = -2*q**2 + 55*q - 278. Calculate the remainder when 505 is divided by x(8).
29
Let k(o) = -5*o**2 - 17*o + 13. Let b(p) = 2*p**2 + 9*p - 6. Let g(q) = 9*b(q) + 4*k(q). Calculate the remainder when 14 is divided by g(6).
2
Let c(t) = -t**2 + 43*t + 84. Calculate the remainder when c(40) is divided by 23.
20
Suppose -5*l = -0*l + 5*j - 395, 0 = 4*l + 5*j - 317. What is the remainder when l is divided by 9?
6
Suppose -3*p - 8 = -p + v, 2*v + 6 = p. Calculate the remainder when ((-2)/(-3))/(p/(-123)) is divided by 14.
13
Let h(k) = 4*k**2 + 46*k - 1. Calculate the remainder when h(-14) is divided by 18.
13
Suppose 2*d - 2 = 0, 4*y - 3*d - 239 = -2*d. Suppose 0 = -65*i + y*i + 140. What is the remainder when 53 is divided by i?
25
Let m = 76 - 68. Suppose 3*f + c = 14, -10 = -m*f + 3*f + c. Calculate the remainder when f is divided by 1.
0
Let t(l) = -l**3 - 3*l**2 + 2*l + 4. Suppose 0 = 9*s - 142 - 101. What is the remainder when t(-7) is divided by s?
24
Let g(l) = -22*l - 6. Let v be g(3). Let q be ((-25)/4)/(9/v). Calculate the remainder when (q/(-30))/(1/(-3)) is divided by 4.
1
Suppose 5*t + b = -53, 0 = -3*t - t - 5*b - 34. Let y = -7 - t. Suppose 96 = y*h + 12. Calculate the remainder when 61 is divided by h.
19
Let c(d) = -d**3 + 2*d**2 + 7*d. Let k = -15 + 10. Let r(y) = y**2 + y + 1. Let w(b) = k*r(b) + c(b). What is the remainder when w(-4) is divided by 3?
0
Suppose 5*f + 85 = 2*k, 4*k - k + 3*f = 75. Let h = k - -36. Calculate the remainder when h is divided by 19.
9
Suppose 1 + 1 = x. Suppose 3 = -5*l + 5*m + 23, -m + 31 = 4*l. What is the remainder when l is divided by x?
1
Suppose 280 - 21 = -7*n. Let u = n + 40. What is the remainder when 7 is divided by u?
1
Let q = 527 + -357. Calculate the remainder when q is divided by 8.
2
Suppose -846 = -8*j + 1098. Suppose -5*o + j = 3*a, 3*a - 168 = 3*o + 51. Calculate the remainder when a is divided by 4/(-14) + 284/14.
16
Let x(n) = n**2 - 1. Let q(y) = -3*y**2 - 12*y + 10. Let g(t) = -q(t) - 4*x(t). Suppose 48*d = 45*d + 81. Calculate the remainder when d is divided by g(10).
13
Suppose 0 = 3*z - 84 - 36. Calculate the remainder when 30/z + 205/4 is divided by 18.
16
Suppose -k = -2*h + k + 64, 0 = 4*k. Let c = -14 + h. Calculate the remainder when 52 is divided by c.
16
Let s(n) = n**3 - 5*n**2 + 19*n - 10. Let p(w) = w + 11. Calculate the remainder when s(4) is divided by p(-8).
2
What is the remainder when 68 is divided by (3/(-6)*-1)/((-1)/(-10))?
3
Let n(c) = c**3 - 9*c**2 + 16*c - 33. Suppose 29*m = 32*m - 24. Calculate the remainder when n(m) is divided by 17.
14
Let n be (5 + -1)*(-6 + 7). Let a(i) = -i**2 + 1 - 5 - 4*i + 2*i**3 - i**3. Calculate the remainder when a(n) is divided by 10.
8
Let s(c) = -c**3 + 16*c**2 - 27*c + 21. Let k be s(14). Let p = k + -1. What is the remainder when 64 is divided by p?
30
Let i(f) be the third derivative of f**4/3 - f**3/6 - 10*f**2. What is the remainder when i(3) is divided by 6?
5
Let h = 22 + -17. Suppose -2*f = 2*t - 64, -3*f + h*t = -6*f + 96. Suppose -35 - 33 = -4*y. What is the remainder when f is divided by y?
15
Suppose 0 = o - 7 - 13. Suppose -18 - 22 = -5*i. What is the remainder when 111/5 - (-16)/o is divided by i?
7
Let q = 17 + -13. Let c = 9 - q. What is the remainder when c is divided by (-4)/(-8)*(2 + 4)?
2
Suppose 3*i = -o + 835, -5*o = -3*i - 8*o + 831. Calculate the remainder when i is divided by 10.
9
Let k = 80 + 5. Let m(p) = -p**2 + 14*p - 5. Calculate the remainder when k is divided by m(13).
5
Let j = -1040 + 1055. What is the remainder when 1062 is divided by j?
12
Let w(q) = 3*q**2 - 2 + 3 - 2*q**2 + 0*q**2. What is the remainder when w(-8) is divided by ((-2)/(-3))/((-2)/(-6)) + 31?
32
Suppose k + 199 = -170. Let j = 11 - -3. What is th